{"id":2530,"date":"2025-03-10T20:29:49","date_gmt":"2025-03-10T19:29:49","guid":{"rendered":"https:\/\/drndigital.com\/demo\/fahrschule5\/?page_id=2530"},"modified":"2025-03-10T21:20:02","modified_gmt":"2025-03-10T20:20:02","slug":"wichtige-formeln","status":"publish","type":"page","link":"https:\/\/drndigital.com\/demo\/fahrschule5\/wichtige-formeln\/","title":{"rendered":"Wichtige Formeln"},"content":{"rendered":"\t\t<div data-elementor-type=\"wp-page\" data-elementor-id=\"2530\" class=\"elementor elementor-2530\">\n\t\t\t\t<div class=\"elementor-element elementor-element-671331e e-flex e-con-boxed e-con e-parent\" data-id=\"671331e\" data-element_type=\"container\">\n\t\t\t\t\t<div class=\"e-con-inner\">\n\t\t<div class=\"elementor-element elementor-element-9e02565 e-con-full e-flex e-con e-child\" data-id=\"9e02565\" data-element_type=\"container\">\n\t\t\t\t<div class=\"elementor-element elementor-element-5c8c489 elementor-widget elementor-widget-text-editor\" data-id=\"5c8c489\" data-element_type=\"widget\" data-widget_type=\"text-editor.default\">\n\t\t\t\t<div class=\"elementor-widget-container\">\n\t\t\t\t\t\t\t\t\t    <style>\n    \/* Ana kapsay\u0131c\u0131 stil *\/\n    .calc-container {\n        max-width: 450px;\n        margin: 20px auto;\n        padding: 20px;\n        background: #111118; \/* Koyu arka plan *\/\n        color: #ffffff;      \/* Beyaz metin *\/\n        border-radius: 4px;  \/* Daha k\u00f6\u015feli tasar\u0131m (d\u00fc\u015f\u00fck radius) *\/\n        box-shadow: 0 2px 5px rgba(0,0,0,0.4);\n        font-family: Arial, sans-serif;\n    }\n\n    .calc-container h2 {\n        margin-top: 0;\n        text-align: center;\n        color: #ffffff;\n    }\n\n    .calc-container p.subtitle {\n        text-align: center;\n        color: #ffffff;\n        margin-bottom: 20px;\n    }\n\n    .calc-container label {\n        display: block;\n        margin-bottom: 6px;\n        font-weight: bold;\n        color: #ffffff;\n    }\n\n    \/* H\u0131z giri\u015fi alan\u0131 *\/\n    .calc-container input[type=\"number\"] {\n        width: 100%;\n        padding: 10px;\n        margin-bottom: 12px;\n        border: 1px solid #ffffff;  \/* Beyaz kenarl\u0131k *\/\n        background: #111118;        \/* Koyu zemin *\/\n        color: #ffffff;            \/* Beyaz yaz\u0131 *\/\n        border-radius: 4px;        \/* Hafif k\u00f6\u015feli *\/\n        font-size: 16px;\n    }\n    .calc-container input[type=\"number\"]::placeholder {\n        color: #cccccc;\n    }\n\n    \/* Hesapla butonu *\/\n    button#berechnenBtn {\n        display: inline-block;\n        width: 100%;\n        padding: 12px;\n        background: #ec2426; \/* K\u0131rm\u0131z\u0131 buton *\/\n        color: #ffffff;\n        border: none;\n        border-radius: 4px;\n        cursor: pointer;\n        text-transform: uppercase;\n        font-weight: bold;\n        font-size: 14px;\n        margin-bottom: 10px;\n    }\n    button#berechnenBtn:hover {\n        background: #c51d1e; \/* Hover rengi *\/\n    }\n\n    \/* Sonu\u00e7lar *\/\n    .result-container {\n        margin-top: 20px;\n        border-top: 1px solid #ec2426; \/* K\u0131rm\u0131z\u0131 \u00e7izgi *\/\n        padding-top: 10px;\n    }\n    .result-container p {\n        margin: 8px 0;\n        font-size: 16px;\n        color: #ffffff;\n    }\n    .result-container p strong {\n        font-weight: bold;\n    \tcolor: #fff;\n    }\n\t.result-container p span {\n        font-weight: bold;\n    \tcolor: #e3c657;\n    }\n    <\/style>\n\n    <div class=\"calc-container\">\n        <h2>Wichtige Formeln<\/h2>\n        <p class=\"subtitle\">F\u00fcr die Bewertung von Gefahrensituationen<\/p>\n\n        <label for=\"geschwindigkeit\">Geschwindigkeit (km\/h):<\/label>\n        <input type=\"number\" id=\"geschwindigkeit\" placeholder=\"z.B. 100\" \/>\n\n        <button id=\"berechnenBtn\" type=\"button\">Jetzt Berechnen<\/button>\n\n        <div class=\"result-container\">\n            <p><strong>Reaktionsweg:<\/strong> <span id=\"reaktionsweg\">&#8211;<\/span> m<\/p>\n            <p><strong>Bremsweg (normal):<\/strong> <span id=\"bremswegNormal\">&#8211;<\/span> m<\/p>\n            <p><strong>Bremsweg (Gefahrenbremsung):<\/strong> <span id=\"bremswegGefahr\">&#8211;<\/span> m<\/p>\n            <p><strong>Anhalteweg (normal):<\/strong> <span id=\"anhaltewegNormal\">&#8211;<\/span> m<\/p>\n            <p><strong>Anhalteweg (Gefahrenbremsung):<\/strong> <span id=\"anhaltewegGefahr\">&#8211;<\/span> m<\/p>\n        <\/div>\n    <\/div>\n\n    <script>\n    document.addEventListener('DOMContentLoaded', function() {\n        const speedInput       = document.getElementById('geschwindigkeit');\n        const berechnenBtn     = document.getElementById('berechnenBtn');\n        const reaktionswegEl   = document.getElementById('reaktionsweg');\n        const bremswegNormalEl = document.getElementById('bremswegNormal');\n        const bremswegGefahrEl = document.getElementById('bremswegGefahr');\n        const anhaltewegNormEl = document.getElementById('anhaltewegNormal');\n        const anhaltewegGefEl  = document.getElementById('anhaltewegGefahr');\n\n        \/\/ Form\u00fcl fonksiyonu\n        function calculateValues(speed) {\n            \/*\n             * Reaktionsweg = (speed \/ 10) * 3\n             * Bremsweg (normal) = (speed \/ 10) * (speed \/ 10)\n             * Bremsweg (Gefahrenbremsung) = Bremsweg(normal) \/ 2\n             * Anhalteweg (normal) = Reaktionsweg + Bremsweg(normal)\n             * Anhalteweg (Gefahrenbremsung) = Reaktionsweg + Bremsweg(Gefahrenbremsung)\n             *\/\n            let reaktionsweg     = (speed \/ 10) * 3;\n            let bremswegNormal   = (speed \/ 10) * (speed \/ 10);\n            let bremswegGefahr   = bremswegNormal \/ 2;\n            let anhaltewegNormal = reaktionsweg + bremswegNormal;\n            let anhaltewegGefahr = reaktionsweg + bremswegGefahr;\n\n            reaktionswegEl.textContent   = reaktionsweg.toFixed(0);\n            bremswegNormalEl.textContent = bremswegNormal.toFixed(0);\n            bremswegGefahrEl.textContent = bremswegGefahr.toFixed(0);\n            anhaltewegNormEl.textContent = anhaltewegNormal.toFixed(0);\n            anhaltewegGefEl.textContent  = anhaltewegGefahr.toFixed(0);\n        }\n\n        \/\/ Varsay\u0131lan olarak 100 km\/h ile ba\u015flat\n        speedInput.value = 100;\n        calculateValues(100);\n\n        \/\/ Butona t\u0131klan\u0131nca yeni de\u011ferle hesapla\n        berechnenBtn.addEventListener('click', function() {\n            let speed = parseFloat(speedInput.value);\n            if (isNaN(speed) || speed <= 0) {\n                alert(\"Bitte eine g\u00fcltige Geschwindigkeit eingeben!\");\n                return;\n            }\n            calculateValues(speed);\n        });\n    });\n    <\/script>\n    \t\t\t\t\t\t\t\t<\/div>\n\t\t\t\t<\/div>\n\t\t\t\t<\/div>\n\t\t<div class=\"elementor-element elementor-element-0af697e e-con-full e-flex e-con e-child\" data-id=\"0af697e\" data-element_type=\"container\">\n\t\t\t\t<div class=\"elementor-element elementor-element-a984b9d elementor-widget elementor-widget-text-editor\" data-id=\"a984b9d\" data-element_type=\"widget\" data-widget_type=\"text-editor.default\">\n\t\t\t\t<div class=\"elementor-widget-container\">\n\t\t\t\t\t\t\t\t\t<p>Um Fahrsch\u00fclern ein besseres Gef\u00fchl zur Bewertung von Gefahrensituationen zu vermitteln, gibt es Deutschland einige Formeln, die ein wichtiger Bestandteil der F\u00fchrerscheinausbildung sind. Diese Faustformeln sollen angehenden Fahranf\u00e4ngern die M\u00f6glichkeit geben mit einfachen Rechnungen die eigene Geschwindigkeit zu \u00fcberpr\u00fcfen und ggf. zu verringern.<\/p><p>Hierbei steht also die Frage \u201ebin ich zu schnell unterwegs\u201c im Mittelpunkt. Auch wenn diese Faustformeln zum F\u00fchrerschein bewusst vereinfacht sind, so geben sie dem Fahrsch\u00fcler dennoch eine gute M\u00f6glichkeit, Gefahrensituationen besser einsch\u00e4tzen zu k\u00f6nnen. So beschreiben die Formeln in erster Linie zwei wichtige \u201eWege\u201c. Zum Einen geht es um die Bewertung des Weges, den man zwischen Erkennen der Gefahr und der ersten Reaktion zur\u00fccklegt (Reaktionsweg), und zum Anderen um den Weg, den man w\u00e4hrend des Bremsens zur\u00fccklegt (Bremsweg). Die Addition dieser beiden Werte ergibt sp\u00e4ter den Anhalteweg.<\/p>\t\t\t\t\t\t\t\t<\/div>\n\t\t\t\t<\/div>\n\t\t\t\t<\/div>\n\t\t\t\t\t<\/div>\n\t\t\t\t<\/div>\n\t\t\t\t<\/div>\n\t\t","protected":false},"excerpt":{"rendered":"<p>Um Fahrsch\u00fclern ein besseres Gef\u00fchl zur Bewertung von Gefahrensituationen zu vermitteln, gibt es Deutschland einige Formeln, die ein wichtiger Bestandteil der F\u00fchrerscheinausbildung sind. Diese Faustformeln sollen angehenden Fahranf\u00e4ngern die M\u00f6glichkeit geben mit einfachen Rechnungen die eigene Geschwindigkeit zu \u00fcberpr\u00fcfen und ggf. zu verringern. Hierbei steht also die Frage \u201ebin ich zu schnell unterwegs\u201c im Mittelpunkt. [&hellip;]<\/p>\n","protected":false},"author":1,"featured_media":0,"parent":0,"menu_order":0,"comment_status":"closed","ping_status":"closed","template":"elementor_header_footer","meta":{"footnotes":""},"class_list":["post-2530","page","type-page","status-publish","hentry"],"_links":{"self":[{"href":"https:\/\/drndigital.com\/demo\/fahrschule5\/wp-json\/wp\/v2\/pages\/2530","targetHints":{"allow":["GET"]}}],"collection":[{"href":"https:\/\/drndigital.com\/demo\/fahrschule5\/wp-json\/wp\/v2\/pages"}],"about":[{"href":"https:\/\/drndigital.com\/demo\/fahrschule5\/wp-json\/wp\/v2\/types\/page"}],"author":[{"embeddable":true,"href":"https:\/\/drndigital.com\/demo\/fahrschule5\/wp-json\/wp\/v2\/users\/1"}],"replies":[{"embeddable":true,"href":"https:\/\/drndigital.com\/demo\/fahrschule5\/wp-json\/wp\/v2\/comments?post=2530"}],"version-history":[{"count":31,"href":"https:\/\/drndigital.com\/demo\/fahrschule5\/wp-json\/wp\/v2\/pages\/2530\/revisions"}],"predecessor-version":[{"id":2563,"href":"https:\/\/drndigital.com\/demo\/fahrschule5\/wp-json\/wp\/v2\/pages\/2530\/revisions\/2563"}],"wp:attachment":[{"href":"https:\/\/drndigital.com\/demo\/fahrschule5\/wp-json\/wp\/v2\/media?parent=2530"}],"curies":[{"name":"wp","href":"https:\/\/api.w.org\/{rel}","templated":true}]}}