{"id":2478,"date":"2025-03-10T02:30:44","date_gmt":"2025-03-10T01:30:44","guid":{"rendered":"https:\/\/drndigital.com\/demo\/fahrschule5\/?page_id=2478"},"modified":"2025-03-10T20:18:09","modified_gmt":"2025-03-10T19:18:09","slug":"impressum","status":"publish","type":"page","link":"https:\/\/drndigital.com\/demo\/fahrschule5\/impressum\/","title":{"rendered":"Impressum"},"content":{"rendered":"\t\t<div data-elementor-type=\"wp-page\" data-elementor-id=\"2478\" class=\"elementor elementor-2478\">\n\t\t\t\t<div class=\"elementor-element elementor-element-025cfa8 e-flex e-con-boxed e-con e-parent\" data-id=\"025cfa8\" data-element_type=\"container\">\n\t\t\t\t\t<div class=\"e-con-inner\">\n\t\t\t\t<div class=\"elementor-element elementor-element-3b715c7 elementor-widget elementor-widget-drivschol-service-details\" data-id=\"3b715c7\" data-element_type=\"widget\" data-widget_type=\"drivschol-service-details.default\">\n\t\t\t\t<div class=\"elementor-widget-container\">\n\t\t\t\t\t\r\n\t<div class=\"service-details__single wow fadeInUp\" data-wow-delay='300ms'>\r\n\t\t<div class=\"service-details__single-inner service-details__single-inner--base\">\r\n\t\t\t<img decoding=\"async\" src=\"https:\/\/drndigital.com\/demo\/fahrschule5\/wp-content\/uploads\/2025\/03\/logo-siyah.svg\" alt=\"logo-siyah\" title=\"logo-siyah\" class=\"benefit__img\" >\t\t\t<div class=\"service-details__benefit\">\r\n\t\t\t\t<h1 class=\"service-details__title\">Impressum<\/h1><p class=\"service-details__text\">Fahrschule 5 Sterne in Berlin Tempelhof<\/p>\t\t\t\t<ul class=\"list-unstyled service-details__list\">\r\n\t\t\t\t\t\t\t\t\t<\/ul><!-- \/.list-unstyled team-details__list -->\r\n\t\t\t<\/div>\r\n\t\t<\/div>\r\n\t<\/div><!-- \/.service-details__single-->\r\n\t\t\t\t<\/div>\n\t\t\t\t<\/div>\n\t\t\t\t\t<\/div>\n\t\t\t\t<\/div>\n\t\t<div class=\"elementor-element elementor-element-cae4522 e-flex e-con-boxed e-con e-parent\" data-id=\"cae4522\" data-element_type=\"container\">\n\t\t\t\t\t<div class=\"e-con-inner\">\n\t\t<div class=\"elementor-element elementor-element-48f4b69 e-con-full e-flex e-con e-child\" data-id=\"48f4b69\" data-element_type=\"container\" data-settings=\"{&quot;background_background&quot;:&quot;classic&quot;}\">\n\t\t<div class=\"elementor-element elementor-element-a6e6be8 e-con-full e-flex e-con e-child\" data-id=\"a6e6be8\" data-element_type=\"container\" data-settings=\"{&quot;background_background&quot;:&quot;classic&quot;}\">\n\t\t\t\t<div class=\"elementor-element elementor-element-a381770 elementor-widget elementor-widget-text-editor\" data-id=\"a381770\" data-element_type=\"widget\" data-widget_type=\"text-editor.default\">\n\t\t\t\t<div class=\"elementor-widget-container\">\n\t\t\t\t\t\t\t\t\t<strong>Inhaber:<br>\n<\/strong>\nHerr Ali Kizilyokus\t\t\t\t\t\t\t\t<\/div>\n\t\t\t\t<\/div>\n\t\t\t\t<\/div>\n\t\t<div class=\"elementor-element elementor-element-2fc51e3 e-con-full e-flex e-con e-child\" data-id=\"2fc51e3\" data-element_type=\"container\" data-settings=\"{&quot;background_background&quot;:&quot;classic&quot;}\">\n\t\t\t\t<div class=\"elementor-element elementor-element-22bb813 elementor-widget elementor-widget-text-editor\" data-id=\"22bb813\" data-element_type=\"widget\" data-widget_type=\"text-editor.default\">\n\t\t\t\t<div class=\"elementor-widget-container\">\n\t\t\t\t\t\t\t\t\t<strong>Firmenname:\n<\/strong>\n<br>\nFahrschule 5 Yildiz\t\t\t\t\t\t\t\t<\/div>\n\t\t\t\t<\/div>\n\t\t\t\t<\/div>\n\t\t<div class=\"elementor-element elementor-element-572ba1d e-con-full e-flex e-con e-child\" data-id=\"572ba1d\" data-element_type=\"container\" data-settings=\"{&quot;background_background&quot;:&quot;classic&quot;}\">\n\t\t\t\t<div class=\"elementor-element elementor-element-117f8a7 elementor-widget elementor-widget-text-editor\" data-id=\"117f8a7\" data-element_type=\"widget\" data-widget_type=\"text-editor.default\">\n\t\t\t\t<div class=\"elementor-widget-container\">\n\t\t\t\t\t\t\t\t\t<strong>Anschrift:\n<\/strong>\n<br>\nEisenacher Str. 1, 12109 Berlin\t\t\t\t\t\t\t\t<\/div>\n\t\t\t\t<\/div>\n\t\t\t\t<\/div>\n\t\t<div class=\"elementor-element elementor-element-759d6ef e-con-full e-flex e-con e-child\" data-id=\"759d6ef\" data-element_type=\"container\" data-settings=\"{&quot;background_background&quot;:&quot;classic&quot;}\">\n\t\t\t\t<div class=\"elementor-element elementor-element-59571a6 elementor-widget elementor-widget-text-editor\" data-id=\"59571a6\" data-element_type=\"widget\" data-widget_type=\"text-editor.default\">\n\t\t\t\t<div class=\"elementor-widget-container\">\n\t\t\t\t\t\t\t\t\t<strong>Telefon:\n<\/strong>\n<br>\n030 707 81 096\t\t\t\t\t\t\t\t<\/div>\n\t\t\t\t<\/div>\n\t\t\t\t<\/div>\n\t\t<div class=\"elementor-element elementor-element-cbb46c6 e-con-full e-flex e-con e-child\" data-id=\"cbb46c6\" data-element_type=\"container\" data-settings=\"{&quot;background_background&quot;:&quot;classic&quot;}\">\n\t\t\t\t<div class=\"elementor-element elementor-element-cb198d4 elementor-widget elementor-widget-text-editor\" data-id=\"cb198d4\" data-element_type=\"widget\" data-widget_type=\"text-editor.default\">\n\t\t\t\t<div class=\"elementor-widget-container\">\n\t\t\t\t\t\t\t\t\t<strong>Telefax:\n<\/strong>\n<br>\n030 707 81 958\t\t\t\t\t\t\t\t<\/div>\n\t\t\t\t<\/div>\n\t\t\t\t<\/div>\n\t\t<div class=\"elementor-element elementor-element-aa28ee4 e-con-full e-flex e-con e-child\" data-id=\"aa28ee4\" data-element_type=\"container\" data-settings=\"{&quot;background_background&quot;:&quot;classic&quot;}\">\n\t\t\t\t<div class=\"elementor-element elementor-element-fd32c42 elementor-widget elementor-widget-text-editor\" data-id=\"fd32c42\" data-element_type=\"widget\" data-widget_type=\"text-editor.default\">\n\t\t\t\t<div class=\"elementor-widget-container\">\n\t\t\t\t\t\t\t\t\t<strong>E-Mail:\n<\/strong>\n<br>\ninfo@fahrschule5yildiz.de\t\t\t\t\t\t\t\t<\/div>\n\t\t\t\t<\/div>\n\t\t\t\t<\/div>\n\t\t<div class=\"elementor-element elementor-element-420620c e-con-full e-flex e-con e-child\" data-id=\"420620c\" data-element_type=\"container\" data-settings=\"{&quot;background_background&quot;:&quot;classic&quot;}\">\n\t\t\t\t<div class=\"elementor-element elementor-element-ea9472e elementor-widget elementor-widget-text-editor\" data-id=\"ea9472e\" data-element_type=\"widget\" data-widget_type=\"text-editor.default\">\n\t\t\t\t<div class=\"elementor-widget-container\">\n\t\t\t\t\t\t\t\t\t<strong>Internet:\n<\/strong>\n<br>\nhttps:\/\/fahrschule5yildiz.de\t\t\t\t\t\t\t\t<\/div>\n\t\t\t\t<\/div>\n\t\t\t\t<\/div>\n\t\t\t\t<\/div>\n\t\t<div class=\"elementor-element elementor-element-e075c4c e-con-full e-flex e-con e-child\" data-id=\"e075c4c\" data-element_type=\"container\" data-settings=\"{&quot;background_background&quot;:&quot;classic&quot;}\">\n\t\t<div class=\"elementor-element elementor-element-d91529d e-con-full e-flex e-con e-child\" data-id=\"d91529d\" data-element_type=\"container\" data-settings=\"{&quot;background_background&quot;:&quot;classic&quot;}\">\n\t\t\t\t<div class=\"elementor-element elementor-element-a2fbfc4 elementor-widget elementor-widget-text-editor\" data-id=\"a2fbfc4\" data-element_type=\"widget\" data-widget_type=\"text-editor.default\">\n\t\t\t\t<div class=\"elementor-widget-container\">\n\t\t\t\t\t\t\t\t\t<strong>Rechtsform:\n<\/strong>\n<br>\nEinzelunternehmen\t\t\t\t\t\t\t\t<\/div>\n\t\t\t\t<\/div>\n\t\t\t\t<\/div>\n\t\t<div class=\"elementor-element elementor-element-d4133e7 e-con-full e-flex e-con e-child\" data-id=\"d4133e7\" data-element_type=\"container\" data-settings=\"{&quot;background_background&quot;:&quot;classic&quot;}\">\n\t\t\t\t<div class=\"elementor-element elementor-element-c74459b elementor-widget elementor-widget-text-editor\" data-id=\"c74459b\" data-element_type=\"widget\" data-widget_type=\"text-editor.default\">\n\t\t\t\t<div class=\"elementor-widget-container\">\n\t\t\t\t\t\t\t\t\t<strong>Umsatzsteuer-ID:\n<\/strong>\n<br>\nDE293453961\t\t\t\t\t\t\t\t<\/div>\n\t\t\t\t<\/div>\n\t\t\t\t<\/div>\n\t\t<div class=\"elementor-element elementor-element-edc3031 e-con-full e-flex e-con e-child\" data-id=\"edc3031\" data-element_type=\"container\" data-settings=\"{&quot;background_background&quot;:&quot;classic&quot;}\">\n\t\t\t\t<div class=\"elementor-element elementor-element-524b226 elementor-widget elementor-widget-text-editor\" data-id=\"524b226\" data-element_type=\"widget\" data-widget_type=\"text-editor.default\">\n\t\t\t\t<div class=\"elementor-widget-container\">\n\t\t\t\t\t\t\t\t\t<strong>Aufsichtsbeh\u00f6rde:\n<\/strong>\n<br>\nLandesamt f\u00fcr B\u00fcrger- und Ordnungsangelegenheiten Referat Fahrerlaubnisse, Personen-und G\u00fcterbef\u00f6rderung, Puttkamerstr. 16 &#8211; 18, 10958 Berlin\t\t\t\t\t\t\t\t<\/div>\n\t\t\t\t<\/div>\n\t\t\t\t<\/div>\n\t\t<div class=\"elementor-element elementor-element-19e0727 e-con-full e-flex e-con e-child\" data-id=\"19e0727\" data-element_type=\"container\" data-settings=\"{&quot;background_background&quot;:&quot;classic&quot;}\">\n\t\t\t\t<div class=\"elementor-element elementor-element-ff75452 elementor-widget elementor-widget-text-editor\" data-id=\"ff75452\" data-element_type=\"widget\" data-widget_type=\"text-editor.default\">\n\t\t\t\t<div class=\"elementor-widget-container\">\n\t\t\t\t\t\t\t\t\t<strong>Bildnachweise\/quellen:\n<\/strong>\n<br>\nhttps:\/\/unsplash.com\/photos\/3imMtMwyRwo\n<br>\nhttps:\/\/unsplash.com\/photos\/H8uqPtIj4hE\n<br>\nhttps:\/\/unsplash.com\/photos\/7anmWNqGiaA\n<br>\nhttps:\/\/unsplash.com\/photos\/1nVbppFJl-s\t\t\t\t\t\t\t\t<\/div>\n\t\t\t\t<\/div>\n\t\t\t\t<\/div>\n\t\t\t\t<div class=\"elementor-element elementor-element-842ffb8 elementor-widget elementor-widget-text-editor\" data-id=\"842ffb8\" data-element_type=\"widget\" data-widget_type=\"text-editor.default\">\n\t\t\t\t<div class=\"elementor-widget-container\">\n\t\t\t\t\t\t\t\t\t<p>Bitte beachten Sie auch unsere\u00a0<a title=\"F\u00fchrerschein Klasse B in Berlin | Datenschutzerkl\u00e4rung\" href=\"https:\/\/fahrschule5yildiz.de\/datenschutzerklaerung.php\">Datenschutzerkl\u00e4rung<\/a>.<\/p>\t\t\t\t\t\t\t\t<\/div>\n\t\t\t\t<\/div>\n\t\t\t\t<\/div>\n\t\t\t\t\t<\/div>\n\t\t\t\t<\/div>\n\t\t\t\t<\/div>\n\t\t","protected":false},"excerpt":{"rendered":"<p>Impressum Fahrschule 5 Sterne in Berlin Tempelhof Inhaber: Herr Ali KizilyokusFirmenname: Fahrschule 5 YildizAnschrift: Eisenacher Str. 1, 12109 BerlinTelefon: 030 707 81 096Telefax: 030 707 81 958E-Mail: info@fahrschule5yildiz.deInternet: https:\/\/fahrschule5yildiz.deRechtsform: EinzelunternehmenUmsatzsteuer-ID: DE293453961Aufsichtsbeh\u00f6rde: Landesamt f\u00fcr B\u00fcrger- und Ordnungsangelegenheiten Referat Fahrerlaubnisse, Personen-und G\u00fcterbef\u00f6rderung, Puttkamerstr. 16 &#8211; 18, 10958 BerlinBildnachweise\/quellen: https:\/\/unsplash.com\/photos\/3imMtMwyRwo https:\/\/unsplash.com\/photos\/H8uqPtIj4hE https:\/\/unsplash.com\/photos\/7anmWNqGiaA https:\/\/unsplash.com\/photos\/1nVbppFJl-s Bitte beachten Sie auch unsere\u00a0Datenschutzerkl\u00e4rung.<\/p>\n","protected":false},"author":1,"featured_media":0,"parent":0,"menu_order":0,"comment_status":"closed","ping_status":"closed","template":"elementor_header_footer","meta":{"footnotes":""},"class_list":["post-2478","page","type-page","status-publish","hentry"],"_links":{"self":[{"href":"https:\/\/drndigital.com\/demo\/fahrschule5\/wp-json\/wp\/v2\/pages\/2478","targetHints":{"allow":["GET"]}}],"collection":[{"href":"https:\/\/drndigital.com\/demo\/fahrschule5\/wp-json\/wp\/v2\/pages"}],"about":[{"href":"https:\/\/drndigital.com\/demo\/fahrschule5\/wp-json\/wp\/v2\/types\/page"}],"author":[{"embeddable":true,"href":"https:\/\/drndigital.com\/demo\/fahrschule5\/wp-json\/wp\/v2\/users\/1"}],"replies":[{"embeddable":true,"href":"https:\/\/drndigital.com\/demo\/fahrschule5\/wp-json\/wp\/v2\/comments?post=2478"}],"version-history":[{"count":38,"href":"https:\/\/drndigital.com\/demo\/fahrschule5\/wp-json\/wp\/v2\/pages\/2478\/revisions"}],"predecessor-version":[{"id":2518,"href":"https:\/\/drndigital.com\/demo\/fahrschule5\/wp-json\/wp\/v2\/pages\/2478\/revisions\/2518"}],"wp:attachment":[{"href":"https:\/\/drndigital.com\/demo\/fahrschule5\/wp-json\/wp\/v2\/media?parent=2478"}],"curies":[{"name":"wp","href":"https:\/\/api.w.org\/{rel}","templated":true}]}}